6).
8
Calculate -1 + -2 - (0 + 1 + -1).
-3
Calculate -6 + (-2 - -2) + 2.
-4
What is the value of -9 - -9 - (-1 - 0 - 0)?
1
(-2 - -3) + (-24 - -18)
-5
14 - 10 - (-2 + 0) - 5
1
2 + -14 - -11 - (1 + 2)
-4
Calculate -13 + -1 + 8 + 7.
1
Evaluate (-4 - -10) + -7 + -2.
-3
What is -5 + (15 + -4 - 2)?
4
What is the value of -56 - -56 - (-2 + -2 + 0)?
4
10 - (5 + -3) - (2 - -3)
3
3 - 2 - (-23 - -27) - -7
4
What is 6 + 2 + (-20 - -5) + 3?
-4
-5 - ((-6 - -1) + 9 + -3)
-6
Calculate 5 + -6 + 3 + -3 - -2.
1
What is the value of (-25 - -6 - -17) + 11 + 0?
9
What is -6 + 9 + 2 + -6?
-1
What is the value of 1 + 1 + 1 - 9?
-6
What is -4 - (-8 + 5) - (2 - -3)?
-6
What is 4 + (4 - (4 + 0))?
4
Calculate (-3 + -3 - 1) + (-52 - -65).
6
What is the value of 0 + (1 - -5) + 2?
8
What is 1 + 2 - (5 + 2)?
-4
Evaluate -15 + -23 + 27 - (0 + -5).
-6
Calculate -6 - 1 - (6 + -9).
-4
Evaluate (0 - 1) + (-8 - (9 - 17)).
-1
Calculate (2 - (3 - 0)) + 4 + -7.
-4
Calculate 8 + 21 + -16 + -13 + 2.
2
Calculate -1 + (4 - 9 - -9).
3
What is (-5 + 3 - 5) + 12?
5
Evaluate 0 - 1 - (-11 + 14).
-4
Evaluate 20 + -18 - (0 - 0).
2
-2 - 0 - (-7 + 8)
-3
Calculate 7 + -9 + 13 + -6 + -3.
2
What is 0 + (3 - (2 - -2) - 0)?
-1
Evaluate (7 - 14) + 17 + -1.
9
What is 2 + (-2 - 3 - 0)?
-3
Evaluate 2 - (-3 + 12 + -6).
-1
-1 - (2 + -4 - (-3 - 1))
-3
Evaluate 17 + (-10 - -13) + -13.
7
(0 - -5 - 4) + -2 + 1
0
What is the value of 8 + (4 + -10 - -2)?
4
4 - (7 + 0 + -5)
2
Evaluate (1 - (0 + 10)) + 3.
-6
What is 0 - (-4 + 1 + 2) - -4?
5
What is the value of -8 + 2 + (5 - (3 + 1))?
-5
What is 6 + 1 - 1 - 2?
4
What is the value of -4 - (-7 - -5) - -8 - 0?
6
Calculate -9 - (-1 + 2 - (-2 + 7)).
-5
Calculate 3 - 3 - (7 + -6).
-1
Evaluate 2 + (-3 - -1 - 1).
-1
0 - 3 - -9 - (14 - 6)
-2
What is (-23 - -12) + (12 - 3)?
-2
Evaluate 10 + -14 + 9 + (-1 - -1).
5
Calculate (-2 - -15) + (-59 - -52).
6
What is the value of -5 + (0 - (-13 + 2))?
6
Calculate 1 - -3 - (-2 + 5).
1
Evaluate 0 - ((6 - -4) + -9).
-1
(2 - -3) + -2 + -1
2
What is the value of (4 - (8 - 6)) + -6 + 3?
-1
What is the value of (1 + -1 - 3) + (7 - 4)?
0
What is the value of 8 - (5 + -10 - -11)?
2
What is the value of -6 + (5 - (3 + 4 - 3))?
-5
(1 - 3 - -3) + -3 + -1
-3
Calculate 2 + (-3 - (-4 + 1 + 3)).
-1
What is 1 + 3 + (-4 - -1)?
1
(5 - -2 - (7 - 2)) + -2
0
Calculate (-1 - (0 + -7)) + 0.
6
What is the value of 8 + (-15 - (-1 + -7))?
1
Calculate (-4 - -9) + -4 + -3.
-2
What is the value of (22 - (26 - 7)) + (0 - 10)?
-7
What is the value of (5 - 2 - -3) + -2?
4
Calculate 0 + 2 + -7 + 2.
-3
Evaluate 0 - (4 + (1 - (1 - -2))).
-2
Evaluate 4 - ((-2 - 2) + 15) - -4.
-3
What is (-6 - (7 + -14)) + (-1 - 1)?
-1
What is the value of -4 + -3 - 0 - -6?
-1
-2 - (-3 + (0 - (3 - 8)))
-4
What is (-2 - -3) + (5 - 7)?
-1
Evaluate 31 + -37 + -2 + 4.
-4
4 - (1 + 2 - (-4 - -4))
1
Evaluate 5 + -9 + 4 + 5 + -5.
0
Evaluate -14 + 13 - (1 - (2 + 0)).
0
3 - (1 + -1) - 1
2
Evaluate (-2 - (1 - 1)) + 5.
3
Calculate (6 - 5 - -1) + -5.
-3
What is 7 + 0 + (16 - (26 - 5))?
2
What is (2 + -3 - -1 - 1) + -2?
-3
What is -1 + 3 - (19 - 21)?
4
Calculate -4 - ((5 - 10) + (2 - -1)).
-2
What is the value of (-1 - 2) + 10 + -7 + -3?
-3
0 - -3 - (24 + -18)
-3
Calculate -2 + (-5 + 2 - (-2 - 0)).
-3
What is (-2 + 7 - -1) + -5 + -4?
-3
What is 2 - (4 - -6 - (5 + 0))?
-3
-2 - (-8 + 1) - (4 + -5)
6
-5 - -2 - 5 - -4
-4
What is the value of 10 - (-4 - (1 - 17))?
-2
Calculate 3 + -1 + -2 + 2 - 3.
-1
-4 - 0 - (-11 - -12) - -4
-1
Evaluate 0 + (2 - (4 + -3) - -1).
2
What is -15 + 18 + -10 - -13?
6
-5 + -1 + 1 + 42 + -41
-4
What is the value of -6 + 1 + -7 + 15?
3
Evaluate 25 - 14 - 3 - 4.
4
4 + (8 - (7 + -7)) + -5
7
What is the value of (-1 - -3) + (-3 + 3 - 0)?
2
What is the value of 2 + -12 + 7 + (1 - -6)?
4
Calculate 0 + -2 + -5 + -2 + 4.
-5
What is the value of -2 + 0 + (0 - (-4 - 0))?
2
8 + (33 - 39) + (0 - 8)
-6
3 - (-1 - (-8 + 7))
3
Evaluate 10 + -8 + (-8 - 1) - -2.
-5
Calculate (-6 - -2 - 1) + 1 + -1.
-5
Evaluate (-3 - 1) + 1 + 26 + -26.
-3
2 + (-2 + -4 - (-14 + 12))
-2
2 + (-4 - -5) - (3 - 2)
2
Calculate (-1 - 13) + -11 + 0 + 15.
-10
What is -3 + 2 + 2 - (0 - 4)?
5
Evaluate (8 - (-5 - -12)) + -10.
-9
Evaluate 3 + 6 - ((-4 - -5) + 14).
-6
Calculate -6 + (-11 - -12 - (-5 + 4)).
-4
Evaluate -5 + 2 - (2 + -1 + 1).
-5
What is -3 + (3 + (6 - 4) - 0)?
2
What is the value of 1 + 1 - ((-6 - -9) + -6)?
5
Calculate (9 - 1) + (-17 - -8).
-1
What is the value of 0 - -7 - (228 + -215)?
-6
Evaluate 1 - -7 - (-1 + 10 - 10).
9
(0 - 2) + 5 - 13
-10
Calculate -11 + 33 + -8 - 7.
7
9 + (-15 + 2 - 0)
-4
Evaluate 2 + (-10 - -8) - (-2 - 4).
6
What is the value of (-1 - (4 + -1)) + (-6 - -2)?
-8
Evaluate -11 + 7 + 2 + -3.
-5
Calculate 0 + 5 - (27 + -17).
-5
What is the value of 1 + (1 + -8 - -4)?
-2
Evaluate 0 + 3 + -3 - -9.
9
-4 - 1 - (-28 + 25)
-2
What is the value of -4 + 2 - -4 - 4?
-2
Calculate -1 - 3 - (0 - (-8 + 9)).
-3
What is -4 + 2 - (14 - 6 - 2)?
-8
-9 + (14 - (5 + 2)) + 7
5
What is the value of 1 + -10 + (-245 - -245)?
-9
7 + -1 + -2 + -3
1
14 - (7 - (1 - (7 + -8)))
9
5 - -2 - (-3 + -3 + 9)
4
13 - -1 - (18 - (0 + 14))
10
What is the value of -2 + -6 + (-2 - (-2 - 1))?
-7
2 - (-2 + 2 + 1 + -2)
3
Calculate 21 + -5 + -9 - -2.
9
What is the value of (10 - 8) + (-4 - -6)?
4
What is -4 - (-6 + -3) - (-10 + 8)?
7
What is 6 + (7 - (8 - -4))?
1
Evaluate -1 + 3 - (9 - 6).
-1
What is 4 + (2 - (7 - 3))?
2
Evaluate -3 - (-5 - (2 + (0 - 3))).
1
What is the value of -3 + (10 - 12) + 0?
-5
What is (5 - 1 - (-2 - -3)) + -7?
-4
Evaluate -2 - (0 + 0 + -2).
0
Evaluate 2 - (-4 - (4 + -7)).
3
Calculate 0 + -1 + (145 - 153).
-9
Calculate (-3 + 3 - 0 - 7) + 3.
-4
Calculate (2 + -2 - -2) + 1.
3
What is -6 - (-1 + (2 - 4))?
-3
1 + -15 + 9 - -14
9
Calculate (-6 - (-4 - 0)) + (1 - -4).
3
Evaluate -2 - (8 - 3 - 4).
-3
What is (-5 - -3) + 1 - 3?
-4
Evaluate 14 + (-7 - -7) + -8.
6
Calculate 7 + -9 + (-9 - -7) - -1.
-3
Evaluate -7 + 3 + 6 + -2.
0
What is the value of 22 + -16 + 7 + -3?
10
Calculate (3 + -6 - 0) + (12 - 5).
4
What is 0 + (9 - 14) + -5?
-10
What is 1 + (0 - -2) + (23 - 24)?
2
What is the value of -1 + 0 + 0 + 2 + 1?
2
Calculate -21 - -10 - (3 + -12).
-2
Calculate -3 + (-1 - -9 - (-16 + 19)).
2
What is -15 - (-27 + -4 + 18)?
-2
Evaluate 6 + (0 + 12 - 9).
9
Calculate 1 + -7 + (2 - (-3 - -2)).
-3
What is 0 + (-2 - (2 + -7)) + 2?
5
Evaluate 7 - (8 - -1 - 1).
-1
What is the value of -6 - -6 - (-3 + 1 - -2)?
0
Calculate (-4 - 0) + (0 - -3).
-1
What is 10 + -1 + 0 + -4?
5
What is -6 - -2 - (-25 - -17)?
4
What is the value of (0 - -8) + (-9 - 0)?
-1
What is the value of 3 + (-7 - (-5 + -5))?
6
Evaluate 14 - (-2 - (8 - 19)).
5
Calculate 6 + -11 + -13 - -11.
-7
What is the value of 4 + -10 - (-3 + 10 + -8)?
-5
What is (-10 - (-9 - -8)) + 12?
3
4 + 0 - -1 - 3
2
Calculate 16 + 8 + 1 + -17.
8
What is -2 + 9 + -20 + 15?
2
What is -5 + (0 - -2) - -3?
0
Calculate 7 + -4 + (-8 - -10).
5
What is -6 - (1 + 7 - 17)?
3
-3 - (-1 + 2) - (2 + -2)
-4
Evaluate (-3 - (3 - 10)) + -2 + -1.
1
Calculate (-2 - (0 + -6 + 3)) + 4.
5
What is -2 + 2 - (-3 - (-2 - 1))?
0
Calculate -2 + 12 + -3 + -3 + 2.
6
2 + -8 + 13 + -8
-1
-3 + (-4 - -9 - -1)
3
3 + -1 - 1 - (-10 - -14)
-3
Calculate -19 + 11 - (-2 + -1).
-5
What is the value of 1 - ((-10 - -7) + 6)?
-2
What is the value of (-1 - -9) + (12 - 25)?
-5
What is the value of 1 + 1 - (-1 - -3)?
0
What is the value of (-4 - -2) + 5 - (4 + -7)?
6
Evaluate 0 - (-2 + -1 - (17 + -26)).
-6
-9 + 9 - 3 - -1
-2
Evaluate -2 + (0 - -5) - (1 + 2).
0
What is the value of 5 - (13 + -4 - 11)?
7
Calculate 1 + 3 + (-1 - -1).
4
10 + 6 - 11 - 12
-7
What is the value of (15 + -14 - (4 - -1)) + 2?
-2
Calculate -3 + -1 + 3 + -1 + 0.
-2
2 - -4 - (3 + (-3 - -1))
5
What is the value of 2 + 0 + 1 - 0?
3
Evaluate -1 + 1 - (-7 + 12).
-5
What is the value of 6 - 2 - 3 - 5?
-4
What is the value of (-4 - -8) + -8 + 8?
4
-4 - -2 - (1 + -5)
2
Evaluate 1 - ((2 - 1) + -3 + -1).
4
2 + -5 + 3 + 2
2
What is the value of 16 - -1 - (85 + -76)?
8
What is -3 + -5 + 1 + 5?
-2
What is 7 - (2 - -3 - -2)?
0
Evaluate 4 + 5 - (0 + 15).
-6
Calculate -9 + (0 + -1 - -7) + 10.
7
Calculate (-2 - -1 - 0) + -8 + 9.
0
Calculate (-3 - -2) + -3 + -4 + 6.
-2
What is the value of (-2 - -2) + 0 + (23 - 29)?
-6
What is the value of ((6 - 2) + 0 - 1) + 0?
3
Calculate 4 - (-2 - 